128 is divided by 52574.
38
What is the remainder when 507485 is divided by 1102?
565
What is the remainder when 5306277 is divided by 5306194?
83
What is the remainder when 30036450 is divided by 1657?
11
Calculate the remainder when 41881206 is divided by 24959.
4
Calculate the remainder when 231308 is divided by 720.
188
What is the remainder when 172961 is divided by 55654?
5999
What is the remainder when 22761077 is divided by 20?
17
What is the remainder when 284056 is divided by 507?
136
What is the remainder when 540804 is divided by 1226?
138
Calculate the remainder when 214234125 is divided by 2163981.
6
Calculate the remainder when 122020 is divided by 1736.
500
What is the remainder when 4359189 is divided by 1452996?
201
What is the remainder when 127203997 is divided by 196?
193
What is the remainder when 3378954 is divided by 3378817?
137
What is the remainder when 369545 is divided by 165?
110
What is the remainder when 12296882 is divided by 121?
15
What is the remainder when 917411 is divided by 1112?
11
What is the remainder when 2155195 is divided by 40?
35
What is the remainder when 553369 is divided by 61?
38
Calculate the remainder when 5243155 is divided by 125.
30
What is the remainder when 150778861 is divided by 46237?
4
Calculate the remainder when 43251045 is divided by 2026.
2023
What is the remainder when 22681 is divided by 567?
1
Calculate the remainder when 1429242 is divided by 4536.
402
What is the remainder when 413800 is divided by 463?
341
What is the remainder when 1752164 is divided by 292025?
14
What is the remainder when 3646521 is divided by 2931?
357
What is the remainder when 63545 is divided by 164?
77
What is the remainder when 3176608 is divided by 1408?
160
What is the remainder when 351218 is divided by 223?
216
What is the remainder when 66653 is divided by 30533?
5587
What is the remainder when 4803287 is divided by 2619?
41
Calculate the remainder when 9243167 is divided by 6.
5
Calculate the remainder when 2766437 is divided by 3007.
3004
What is the remainder when 33001037 is divided by 55?
47
Calculate the remainder when 1437041 is divided by 2764.
2525
Calculate the remainder when 44864 is divided by 1713.
326
What is the remainder when 373663 is divided by 658?
577
Calculate the remainder when 11191258 is divided by 161.
148
What is the remainder when 4046213 is divided by 236?
229
What is the remainder when 181176 is divided by 4026?
6
Calculate the remainder when 10925774 is divided by 63.
62
Calculate the remainder when 181171 is divided by 1241.
1226
Calculate the remainder when 213262236 is divided by 961.
960
Calculate the remainder when 2290083 is divided by 10.
3
Calculate the remainder when 38978 is divided by 567.
422
Calculate the remainder when 94850 is divided by 9242.
2430
Calculate the remainder when 9361087 is divided by 458.
25
What is the remainder when 1884221 is divided by 118?
115
Calculate the remainder when 6833501 is divided by 114.
113
Calculate the remainder when 1760608 is divided by 702.
694
Calculate the remainder when 2083910179 is divided by 2855.
2854
What is the remainder when 114233724 is divided by 201?
198
Calculate the remainder when 2374396 is divided by 1484.
1480
Calculate the remainder when 435582 is divided by 596.
502
Calculate the remainder when 1521623 is divided by 177.
131
Calculate the remainder when 72130 is divided by 1564.
186
What is the remainder when 14022 is divided by 1971?
225
What is the remainder when 5610823 is divided by 64?
7
What is the remainder when 2650625 is divided by 101?
82
What is the remainder when 659070149 is divided by 10770?
10769
What is the remainder when 51134347 is divided by 25567169?
9
What is the remainder when 58422377 is divided by 259?
6
What is the remainder when 47726 is divided by 107?
4
What is the remainder when 14390269 is divided by 10?
9
Calculate the remainder when 4675470 is divided by 5071.
8
Calculate the remainder when 1479983 is divided by 184972.
207
Calculate the remainder when 3071557 is divided by 11547.
55
What is the remainder when 40525796 is divided by 6378?
6362
What is the remainder when 118163070 is divided by 177?
171
What is the remainder when 14516808 is divided by 338?
46
Calculate the remainder when 19280 is divided by 1388.
1236
Calculate the remainder when 1699644525 is divided by 5990.
5985
What is the remainder when 1027471 is divided by 745?
116
Calculate the remainder when 143687 is divided by 20507.
138
Calculate the remainder when 86526 is divided by 28158.
2052
Calculate the remainder when 8470848 is divided by 955.
953
What is the remainder when 441513 is divided by 3065?
153
Calculate the remainder when 22127895 is divided by 157.
1
Calculate the remainder when 153724 is divided by 1202.
1070
Calculate the remainder when 580336 is divided by 290030.
276
Calculate the remainder when 602350 is divided by 48.
46
Calculate the remainder when 3118177 is divided by 519601.
571
Calculate the remainder when 3097466 is divided by 16049.
9
Calculate the remainder when 5729 is divided by 517.
42
What is the remainder when 68991301 is divided by 305?
301
Calculate the remainder when 455633 is divided by 250.
133
Calculate the remainder when 10016329 is divided by 145.
19
What is the remainder when 4618557 is divided by 102?
99
Calculate the remainder when 2431846 is divided by 303976.
38
What is the remainder when 81978 is divided by 43?
20
Calculate the remainder when 1601688 is divided by 22.
0
Calculate the remainder when 10974138 is divided by 10.
8
What is the remainder when 7396619 is divided by 220?
219
Calculate the remainder when 1422951 is divided by 355708.
119
Calculate the remainder when 938460 is divided by 1444.
1304
What is the remainder when 112619 is divided by 633?
578
Calculate the remainder when 216375 is divided by 98.
89
What is the remainder when 168143318 is divided by 15285756?
2
What is the remainder when 72246 is divided by 663?
642
Calculate the remainder when 66047 is divided by 879.
122
What is the remainder when 16592637 is divided by 862?
861
Calculate the remainder when 3535777 is divided by 1767887.
3
What is the remainder when 144179 is divided by 15926?
845
Calculate the remainder when 38404 is divided by 31825.
6579
What is the remainder when 966029 is divided by 60376?
13
What is the remainder when 516617 is divided by 1635?
1592
Calculate the remainder when 404141 is divided by 200.
141
Calculate the remainder when 234199199 is divided by 48.
47
What is the remainder when 110356939 is divided by 23?
18
What is the remainder when 5684335 is divided by 34?
11
Calculate the remainder when 305689017 is divided by 17.
15
Calculate the remainder when 78266 is divided by 2533.
2276
Calculate the remainder when 15786803 is divided by 15786764.
39
What is the remainder when 40835 is divided by 887?
33
Calculate the remainder when 635909 is divided by 70641.
140
What is the remainder when 4569685 is divided by 4569682?
3
Calculate the remainder when 42659546 is divided by 30.
26
What is the remainder when 20711888 is divided by 632?
616
Calculate the remainder when 2860899 is divided by 1387.
905
Calculate the remainder when 530139 is divided by 5635.
449
What is the remainder when 99421 is divided by 24685?
681
Calculate the remainder when 92734 is divided by 7629.
1186
Calculate the remainder when 1249128 is divided by 732.
336
What is the remainder when 563179523 is divided by 292?
291
What is the remainder when 44269 is divided by 2530?
1259
Calculate the remainder when 43719301 is divided by 6277.
6273
What is the remainder when 749490 is divided by 55?
5
What is the remainder when 6678093 is divided by 2972?
9
What is the remainder when 91579 is divided by 15250?
79
Calculate the remainder when 189502 is divided by 110.
82
Calculate the remainder when 10181282 is divided by 1756.
1750
Calculate the remainder when 38274643 is divided by 582.
577
What is the remainder when 632800 is divided by 687?
73
Calculate the remainder when 519174 is divided by 9589.
1368
What is the remainder when 80599019 is divided by 863?
860
What is the remainder when 14510 is divided by 121?
111
Calculate the remainder when 642342 is divided by 94.
40
Calc